{"version":"1.0","type":"rich","width":"560px","height":"140px","title":"\"Digitaler Weltfrieden\": Andrian Kreye im Gespr\u00e4ch mit Regula St\u00e4mpfli - Andrian Kreye geh\u00f6rt zur ersten Generation der digitalen Denker. In \"Macht Euch die Maschinen untertan\" erz\u00e4hlt der langj\u00e4hrige Feuilleton-Chef SZ laStaempfli wie das Internet nur der Beginn einer langen Geschichte der K\u00fcnstlichen Intelligenz darstellt.","url":"http:\/\/ta-swiss-futurepodcast.online\/digitaler-weltfrieden-andrian-kreye","author_name":"TA-SWISSFUTURE-Podcast mit Regula St\u00e4mpfli - Medien, Daten, Konsum : Der Zukunftspodcast","author_url":"http:\/\/ta-swiss-futurepodcast.online","thumbnail_url":"http:\/\/ta-swiss-futurepodcast.online\/wp-content\/uploads\/kreyebild.jpg","html":"<iframe width=\"560px\" height=\"140px\" src=\"http:\/\/ta-swiss-futurepodcast.online\/digitaler-weltfrieden-andrian-kreye?standalonePlayer\"><\/iframe>"}

"Digitaler Weltfrieden": Andrian Kreye im Gespräch mit Regula Stämpfli - Andrian Kreye gehört zur ersten Generation der digitalen Denker. In "Macht Euch die Maschinen untertan" erzählt der langjährige Feuilleton-Chef SZ laStaempfli wie das Internet nur der Beginn einer langen Geschichte der Künstlichen Intelligenz darstellt.

TA-SWISSFUTURE-Podcast mit Regula Stämpfli - Medien, Daten, Konsum : Der Zukunftspodcast
